/(-15) - 1). Suppose 0 = 16*o - 7*o - 1080. Calculate the greatest common factor of o and y.
15
Let j(v) = v**3 - 3*v**2 - v - 6. Let a be j(6). Let k be ((-18)/(-27))/(1/18). Calculate the greatest common divisor of a and k.
12
Let i(a) = -a**3 - 2*a**2 + 2*a + 5. Let t be i(0). What is the highest common factor of t and 80?
5
Let t = -14 - -20. What is the highest common divisor of 72 and t?
6
Let y be ((-65)/(-10))/(2/20). What is the highest common divisor of 13 and y?
13
Let q = -5 - -8. Suppose 4*p = -p + a - 14, q*p - 4*a = -5. Let m = -2 - p. Calculate the highest common factor of m and 1.
1
Suppose 0*x + 3*x = 30. What is the highest common divisor of x and 2?
2
Let t be ((-6)/4 + 46/(-4))*-9. What is the highest common factor of t and 13?
13
Let n(l) = 77*l**2 - l + 1. Let t be n(1). Let y be 10*(-2)/(-4) + (-3 - -5). Calculate the highest common factor of y and t.
7
Let b be -2 + 4 - 6*4. Let v be ((-2)/4 - 0)*b. What is the greatest common factor of v and 11?
11
Suppose 59 = 2*j + 2*h - 9, -2*h + 8 = 0. What is the greatest common divisor of j and 90?
30
Let q = 29 + -11. Calculate the greatest common factor of q and 9.
9
Let b(q) = q**2 + 4*q - 6. Let c be b(-4). Let v be (-52)/c - 4/6. What is the highest common factor of 72 and v?
8
Let n(v) = -2*v + 3. Let r be n(2). Let l = 4 - r. Let j = 41 + -1. Calculate the highest common factor of j and l.
5
Let p(l) = -l**2 - 8*l - 4. Let o be p(-6). Let y = o + -5. Suppose 0 = y*v - v - 22. Calculate the highest common divisor of 88 and v.
11
Let b be (-9)/6*2/(-3). Let n be 3*(68/6 - b). What is the highest common divisor of n and 31?
31
Let u(b) = -2*b - 12. Let s be u(-8). Suppose m = s*m - 3. Let y(n) = 6*n**3. Let g be y(m). What is the highest common factor of 4 and g?
2
Let t = -3 + 5. Suppose 3*l - 158 + 49 = -t*b, l - 5*b = 8. Calculate the highest common divisor of 3 and l.
3
Let a be 78 + -2 + (2 - -2). Calculate the highest common divisor of a and 32.
16
Let v be -7 + 8 - (-54 - 0). Calculate the highest common divisor of v and 22.
11
Let s = -10 - -6. Let t be 1/s - 98/(-8). What is the highest common divisor of 3 and t?
3
Suppose l - 2*f = -2*l + 35, 0 = 2*l + 2*f - 30. Let d(t) = -13 + t + l. Let r be d(2). Calculate the greatest common divisor of 8 and r.
2
Suppose 4*v - v = 6, 5*x = -5*v + 2770. Suppose 0 = -4*a + 4*i + x, -i + 4*i + 271 = 2*a. What is the greatest common factor of 13 and a?
13
Suppose 27 = 4*z - 261. What is the highest common factor of z and 8?
8
Suppose j = -4*k - 2*j + 20, 2*k - 10 = j. Calculate the highest common divisor of 5 and k.
5
Let d = 15 + 6. Let p = 24 - d. Let s be (-1 - -19)*2/4. What is the greatest common divisor of s and p?
3
Let f be ((-4)/5)/((-1)/5). Suppose 3*u + 67 = f*i, -5*i + 5*u = -2*i - 53. Calculate the highest common factor of 24 and i.
8
Let p(o) = 2*o**3 - 3*o - 1. Let z be p(3). Suppose 3*f + f = z. What is the greatest common factor of f and 55?
11
Suppose 2*j + 6 = 4*j. Let v be (-4 - -1)*(-2)/j. Let p(c) = 4*c**2 - 2. Let y be p(v). What is the greatest common factor of y and 56?
14
Let y = -18 + 48. What is the greatest common factor of 15 and y?
15
Suppose 0 = -2*m - 4*y + 14, 0 = 3*m - y - 3*y - 21. Let x be (-1 - 182/6)*-3. Let r = -45 + x. What is the highest common factor of m and r?
7
Suppose 3*s - 2 = w - 9, -3*s - 2*w - 4 = 0. Let t be (-56)/(-1*s/(-4)). What is the greatest common divisor of t and 14?
14
Let u be ((-81)/12)/((-3)/12). Calculate the greatest common divisor of u and 297.
27
Suppose -2*c + 17 = 5. Suppose -192 = i - 5*i. What is the highest common divisor of i and c?
6
Suppose -5*c + 42 = 4*d, -3*c + 2*d + 3 = -9. Suppose -c*m - 12 = -3*m, 2*m + 21 = q. Calculate the greatest common factor of 52 and q.
13
Let o(t) = t**3 - 7*t**2 + 8*t - 9. Let h be o(6). Suppose c - 6*c + 45 = 0. Let i = 0 + c. Calculate the greatest common divisor of h and i.
3
Let x = 78 - -2. Calculate the highest common factor of 16 and x.
16
Let a(j) = -6*j**2 + 3*j + 4. Let x be a(-4). Let q be (0 - 4/(-4))*-176. Let m = x - q. Calculate the highest common factor of m and 8.
8
Let q be 10/(-25) + 1414/35. What is the greatest common factor of q and 8?
8
Suppose h - 5*h = 0. Suppose -y + 6 = -h. Suppose 0*p + 2*p = y. What is the greatest common factor of 12 and p?
3
Let z(a) = -a**2 - 7*a - 1. Let u be z(-6). Suppose -2 = -s - t - 8, t = -2*s - 17. Let c = 26 + s. What is the greatest common divisor of u and c?
5
Let g be 28/5*(-15)/(-6). Let y = -4 + g. What is the highest common divisor of 80 and y?
10
Suppose x + 14 = 8*x. What is the greatest common factor of 18 and x?
2
Let p be -1*25 - (0 - 1 - -3). Let r(g) = -g**2 + 15*g - 7. Let y be r(6). Let v = y + p. Calculate the greatest common factor of v and 8.
4
Let o be (-18)/30 + (-113)/(-5). Suppose 3*r - 3*j = 204, -5*r + j + 2*j + 336 = 0. What is the greatest common divisor of o and r?
22
Suppose 0*z = -z. Let l(r) = r + 22. Let d be l(z). What is the highest common divisor of d and 22?
22
Suppose -4 = -2*t + 4*t. Let r = 3 - 0. Let x = r + t. Calculate the greatest common factor of 2 and x.
1
Let x(k) = -16*k - 1. Let t be x(-1). What is the highest common factor of 60 and t?
15
Let y(l) = 2*l + 3. Let r be y(6). Suppose u + 735 = 8*u. What is the greatest common factor of r and u?
15
Suppose -5*n + 580 + 730 = -h, -3*n - 4*h + 786 = 0. Suppose 4*k - n = 3*p, -p - 118 = 3*k - 308. Calculate the highest common factor of k and 8.
8
Suppose 5*n + 71 = 3*c, 4*c - 46 = 4*n + 62. Calculate the greatest common factor of 48 and c.
16
Suppose 3 = 2*z + 3*k + 6, z - 3*k - 12 = 0. Suppose -3*u = c - 42, 128 = 4*c + 5*u - u. What is the greatest common factor of c and z?
3
Suppose 328 = 4*j - 32. What is the greatest common factor of 9 and j?
9
Suppose 4*w = 2*k + 140, -3*w - 3*k + 118 = 2*k. Let m be (-4 + 0)/((-3)/w). What is the highest common divisor of m and 12?
12
Let s = 4 + -6. Let j be (-185)/((s + 4)/(-2)). Let f be 2/(-5) + j/25. Calculate the highest common divisor of 35 and f.
7
Suppose -m + 10*m - 468 = 0. What is the greatest common factor of m and 130?
26
Let c(p) be the first derivative of 3*p**2/2 + 2*p + 2. Let h be c(3). Let d = 65 - -34. Calculate the greatest common factor of d and h.
11
Let d = 20 + -8. Let x be (-4)/10 + (-85)/(-25). Let w = x + 0. What is the highest common factor of d and w?
3
Suppose 12 = -2*i + 3*i. What is the greatest common factor of 18 and i?
6
Suppose -4*v + 0*v = -72. Let j = 29 - -15. Suppose -j = -m - 2*a + 1, 3*a = 0. What is the highest common divisor of v and m?
9
Suppose -1551 = -5*l - 431. Suppose 0*p - l = -2*p. What is the highest common divisor of 14 and p?
14
Let k(c) = -2*c - 15. Let x be k(-9). Let o = -47 - -66. Let d be -1 - (2 - (o + -1)). What is the highest common divisor of d and x?
3
Let o be (3 - 2)/1 + 55. Suppose 3*u - 2*h - 8 = 24, 0 = -u - 3*h + 29. What is the greatest common factor of u and o?
14
Let a = -67 + 48. Let x = a + 36. Calculate the greatest common divisor of 68 and x.
17
Suppose 0*u = -12*u + 396. What is the greatest common divisor of 11 and u?
11
Let d = 21 + -19. Suppose -3*j = -4*j - 2*y + 34, y = d*j - 63. Calculate the greatest common factor of 16 and j.
16
Let t be (-4)/14 + (-174)/(-21). Let w be 3 + (1 - -1 - 1). What is the highest common divisor of w and t?
4
Suppose x + 8 = -o - 41, 2*x + 98 = 3*o. Let a = x - -70. Calculate the greatest common factor of 42 and a.
21
Suppose -4*i - s + 9 = 0, 2*i - 4 = -s + 1. Suppose -t + 27 = i*t. Calculate the greatest common factor of 63 and t.
9
Let o = 5 + 3. Let c = o - -4. What is the greatest common divisor of c and 4?
4
Let z be -1*0/5 - -152. Let l be 8/4*(-38)/(-4). What is the highest common divisor of l and z?
19
Let l = -13 + 109. Suppose -2*g + 4 = 10. Let n be (-74)/g + 2/(-3). What is the greatest common factor of n and l?
24
Let o = 100 + 8. Calculate the greatest common divisor of 12 and o.
12
Suppose 0 = -8*t + 5*t + 6. Suppose 4*q - 5 - 17 = -t*v, 4*v = -3*q + 54. Calculate the highest common factor of 60 and v.
15
Let p = -50 + 58. Calculate the greatest common divisor of p and 2.
2
Let a = 14 - 20. Let j be -258*3/a + 3. What is the greatest common factor of j and 12?
12
Suppose -5*v + 0*v + 4*n = -490, 3*v - 2